.
-69
Let s(i) = i**3 + 3*i**2 - 8*i + 19. Give s(4).
99
Let x(m) = 2*m**2 - 5*m + 2. Calculate x(4).
14
Let y(o) = 323*o + 2255. Calculate y(-7).
-6
Let n(a) = -a**3 + 4*a**2 + 4*a + 6. Calculate n(6).
-42
Let r(d) = -139*d + 149. Give r(1).
10
Let j(g) = -71*g - 1276. Determine j(-18).
2
Let t(f) = -f**2 - 6*f - 4. Give t(-5).
1
Let g(z) = -z**3 - 12*z**2 - 2*z - 11. What is g(-12)?
13
Let u(p) = -8*p - 51. What is u(0)?
-51
Let v(q) = -q**3 - 3*q**2 + 14*q - 10. Give v(1).
0
Let o(j) = -j**2 - 7*j + 7. Calculate o(-6).
13
Let t(s) = s**3 + 8*s**2 + 14*s + 11. Give t(-6).
-1
Let q(w) = w**3 + 6*w**2 + 6. What is q(-8)?
-122
Let c(a) = -a**2 - 8*a + 5. Calculate c(-7).
12
Let n(w) = -5*w + 3. Determine n(-4).
23
Let l(v) = 5*v - 7. What is l(-20)?
-107
Let w(b) = -3*b**2 - 18*b + 22. What is w(-9)?
-59
Let x(i) = -i**2 - 6*i + 9. Determine x(3).
-18
Let o(q) = 18*q + 4. Give o(-3).
-50
Let u(j) = j**3 - 7*j**2 - 6. What is u(7)?
-6
Let x(m) = 3*m**3 + 227*m**2 - 76*m + 5. Determine x(-76).
5
Let w(q) = -6*q + 4. Determine w(3).
-14
Let b(h) = -35*h + 1. Give b(2).
-69
Let z(x) = x**2 - x - 16. Give z(0).
-16
Let r(z) = 4*z - 24. What is r(11)?
20
Let f(n) = n**2 - 34*n - 336. Calculate f(-8).
0
Let w(h) = -h**2 + 17*h - 25. Calculate w(15).
5
Let i(y) = -y**2 - 65*y - 128. Determine i(-63).
-2
Let y(o) = -8*o + 12. Calculate y(-7).
68
Let t(x) = -x**2 + 37*x + 42. Determine t(38).
4
Let n(h) = h**3 - 3*h**2 - 30*h - 5. Determine n(7).
-19
Let w(t) = t**2 - 9*t - 4. Determine w(8).
-12
Let p(v) = 9*v**3 - 3*v + 2. Give p(1).
8
Let l(c) = 4*c + 15. What is l(-8)?
-17
Let f(a) = a**3 - 3*a**2 - 4*a + 7. What is f(4)?
7
Let u(i) = i**2 + 13*i + 34. Calculate u(-7).
-8
Let p(g) = g**3 + 29*g**2 + 28*g - 3. Calculate p(-28).
-3
Let b(h) = -h**2 + 7*h + 5. Determine b(7).
5
Let i(m) = 8*m - 79. What is i(9)?
-7
Let y(k) = k + 2. Give y(6).
8
Let b(k) = 6*k + 168. Determine b(-29).
-6
Let z(s) = s**3 - 10*s**2 - 3*s + 15. What is z(10)?
-15
Let t(k) = -2*k**2 - 7*k - 6. What is t(-2)?
0
Let h(d) = d**3 - d**2 - 13. Give h(3).
5
Let s(a) = -3*a**3 - 15*a**2 - a - 9. Calculate s(-5).
-4
Let s(u) = -u**2 - 20*u - 37. Determine s(-18).
-1
Let l(k) = -2*k**2 - 7*k + 20. Calculate l(-7).
-29
Let n(p) = -2*p - 15. What is n(16)?
-47
Let k(i) = -27*i + 91. Give k(3).
10
Let w(h) = -h**3 + 9*h**2 + 24*h - 5. Give w(12).
-149
Let s(i) = i**2 - 20*i + 19. Give s(15).
-56
Let u(f) = -f**3 - 4*f**2 - 9*f - 9. Give u(-2).
1
Let w(i) = 2*i + 72. What is w(-40)?
-8
Let x(g) = -9*g**2 + 1. Give x(-1).
-8
Let y(a) = a**3 - a**2 - 7*a + 6. Determine y(3).
3
Let u(c) = -2*c**2 + 2*c - 2. What is u(2)?
-6
Let y(v) = 67*v - 1607. Give y(24).
1
Let f(i) = -31*i - 1. Determine f(-1).
30
Let x(l) = 3*l**2 - 95*l - 40. What is x(32)?
-8
Let y(k) = -k**3 - 21*k**2 + 42*k - 6. Calculate y(-23).
86
Let u(o) = 18*o**3 - o**2 + o + 2. Determine u(-1).
-18
Let a(l) = 6*l + 57. Give a(-9).
3
Let t(c) = c - 8. Give t(8).
0
Let z(g) = -g**2 - 7*g. What is z(-5)?
10
Let s(v) = 17*v**3 - 2*v + 2. Calculate s(1).
17
Let o(g) = 5*g**2 - 2*g. Determine o(3).
39
Let h(v) = -8*v + 5. Calculate h(-1).
13
Let a(h) = -h**3 + h**2 - 5. Determine a(-2).
7
Let j(h) = 2*h + 33. Give j(-14).
5
Let d(a) = -a**3 - 2*a**2 + 13*a + 3. Give d(-5).
13
Let x(y) = -y**3 + 11*y**2 - 16*y - 15. Give x(9).
3
Let z(t) = -t**2 + 37*t - 299. Give z(25).
1
Let z(r) = -20*r**2 + 2*r + 1. What is z(-1)?
-21
Let h(a) = -a**2 - 10*a + 71. Give h(-15).
-4
Let b(z) = -z**2 + 7*z. Calculate b(6).
6
Let j(g) = g - 20. Calculate j(10).
-10
Let f(n) = -2*n - 9. What is f(2)?
-13
Let d(v) = -v**3 - 4*v**2 + 6*v + 2. Calculate d(-4).
-22
Let c(x) = 6*x**2 + 18*x + 4. Give c(-2).
-8
Let m(o) = -o**3 - 12*o**2 + 34*o + 61. What is m(-14)?
-23
Let i(c) = 10*c - 3. Give i(-1).
-13
Let r(n) = n**3 + 3*n**2 - 44*n - 14. Determine r(-8).
18
Let d(h) = -h**3 - 3*h**2 + 3*h + 1. What is d(-3)?
-8
Let h(d) = -d**3 - 4*d**2 + 6*d + 6. Determine h(-5).
1
Let q(t) = t**2 - 17*t - 54. What is q(21)?
30
Let n(u) = -3*u + 16. Calculate n(-3).
25
Let r(z) = 46*z - 632. What is r(14)?
12
Let h(v) = -v**3 - 7*v**2 + 9*v + 5. What is h(-8)?
-3
Let c(k) = -k**3 + k**2 + 2*k. Determine c(2).
0
Let n(p) = -3*p**3 - 38*p**2 + 11*p - 21. Give n(-13).
5
Let v(p) = 3*p**2 - 26*p + 79. Determine v(5).
24
Let d(i) = 2*i**3 - 7*i**2 + i + 1. Give d(3).
-5
Let u(g) = g**3 - 16*g**2 - 19*g + 22. Give u(17).
-12
Let p(u) = u**2 - 4*u + 2. Determine p(3).
-1
Let q(m) = m**3 - 15*m**2 - 18*m + 4. Determine q(16).
-28
Let a(k) = -k**3 - 6*k**2 + 20. Calculate a(-6).
20
Let d(m) = -2*m**2 - 3*m - 2. Calculate d(-1).
-1
Let i(o) = o - 1. Calculate i(3).
2
Let m(y) = 3*y - 16. Give m(5).
-1
Let f(s) = s**2 - 6*s + 7. Determine f(5).
2
Let f(d) = 5*d - 17. What is f(9)?
28
Let s(u) = u**3 - 10*u**2 + 17*u + 1. Give s(6).
-41
Let l(b) = b**3 - 4*b**2 - 5*b + 4. Give l(5).
4
Let y(z) = z**2 - 9*z - 42. Give y(12).
-6
Let y(i) = 6*i**3 + 2*i**2 - 1. Give y(1).
7
Let c(p) = -2*p + 30. Determine c(13).
4
Let v(r) = -17*r - 274. What is v(-17)?
15
Let z(c) = c**2 - 2*c + 7. Give z(-12).
175
Let z(t) = -5*t**2 - 19*t + 1. Calculate z(-3).
13
Let p(a) = -a + 13. Give p(17).
-4
Let x(q) = -6*q**2 + 3*q - 1. Calculate x(2).
-19
Let j(d) = d**3 + 31*d**2 + 69*d + 323. Give j(-29).
4
Let p(m) = 2*m**2 + 46*m + 28. Calculate p(-24).
76
Let h(b) = b**2 + 11*b + 10. What is h(-11)?
10
Let c(h) = -h**3 + 21*h**2 + 25*h - 42. Give c(22).
24
Let m(l) = -l**2 - 4*l + 17. Determine m(5).
-28
Let d(w) = w**3 - 2*w**2 - 3*w - 4. Determine d(3).
-4
Let p(h) = h**3 + 6*h**2 - 6*h + 7. What is p(-5)?
62
Let k(j) = j**2 - 15*j - 55. What is k(18)?
-1
Let i(w) = -w**2 + 10*w - 14. Determine i(6).
10
Let p(q) = -2*q**2 + 81*q + 63. Give p(41).
22
Let l(w) = 2*w - 21. Give l(8).
-5
Let d(m) = -2*m**3 + m**2 + 4*m + 9. Calculate d(0).
9
Let s(u) = -8*u - 28. Calculate s(-4).
4
Let p(d) = 2*d**2 + d - 1. What is p(1)?
2
Let m(w) = -w**3 + w**2 + 9*w - 14. Give m(3).
-5
Let q(g) = 3*g - 3. What is q(2)?
3
Let k(n) = -2*n**2 - 30*n + 39. What is k(-16)?
7
Let z(n) = 2*n**2 - 7*n - 23. Give z(-6).
91
Let h(j) = j**2 + j - 147. Determine h(-12).
-15
Let k(w) = w**3 - 5*w**2 - 73*w + 301. Give k(4).
-7
Let v(s) = 17*s - 6. What is v(5)?
79
Let y(v) = 11*v - 6. What is y(-3)?
-39
Let d(f) = -2*f**3 - 7*f**2 - 2*f + 6. Calculate d(-3).
3
Let v(h) = 4*h - 109. Determine v(19).
-33
Let l(b) = b - 6. Calculate l(-20).
-26
Let q(w) = -w**2 + 16*w - 28. Determine q(14).
0
Let q(d) = -d**3 + 7*d**2 + 17*d + 8. Give q(9).
-1
Let h(q) = -q**2 + 13*q + 45. Give h(-4).
-23
Let n(l) = l**2 - 38*l + 170. Give n(5).
5
Let k(v) = -4*v - 79. Calculate k(-23).
13
Let g(j) = -j**3 + 6*j**2 + 5*j + 17. Determine g(7).
3
Let w(a) = -2*a + 26. Give w(9).
8
Let z(u) = -21*u - 47. Give z(-4).
37
Let h(q) = -q**3 + 7*q**2 + 2*q - 10. Calculate h(7).
4
Let k(j) = -15*j + 7. Determine k(4).
-53
Let f(d) = -5*d - 4. Give f(9).
-49
Let j(o) = -o**2 + 3*o + 16. Determine j(6).
-2
Let q(o) = 20*o**3 - o**2 - 3*o + 3. Determine q(1).
19
Let y(b) = -3*b**2 + 7*b - 1. What is y(3)?
-7
Let r(i) = -i**3 - 6*i**2 - i + 8. What is r(-5)?
-12
Let k(r) = r**3 - 9*r**2 + 8*r + 4. Give k(8).
4
Let n(v) = -v**3 - 3*v**2 + 4*v + 5. Calculate n(-4).
5
Let y(t) = 2*t + 7. Give y(-3).
1
Let k(b) = -b**2 + 23*b - 139. Determine k(8).
-19
Let q(l) = l**3 - 3*l**2 - 7*l + 16. Give q(3).
-5
Let u(a) = -a**3 - 5*a**2 + 8*a - 2. Calculate u(-6).
-14
Let r(l) = l**3 + 6*l**2 + 6*l + 4. Give r(-4).
12
Let u(p) = -4*p**2 + 26*p + 56. Calculate u(8).
8
Let v(l) = -l**2 - l - 92. Calculate v(0).
-92
Let x(p) = p**2 + 7*p - 2. What is x(-5)?
-12
Let o(w) = 12*w - 357. Calculate o(28).
-21
Let n(v) = -3*v + 30. What is n(7)?
9
Let k(m) = -27*m + 10. Give k(-2).
64
Let o(t) = -13*t - 67. Give o(-9).
50
Let i(x) = x**3 - 10*x**2 + 11*x - 5. Give i(9).
13
Let f(m) = 7*m - 129. Calculate f(17).
-10
Let b(q) = q**3 + 7*q**2 + 5*q + 4. What is b(-6)?
10
Let a(q) = -q - 15. Determine a(10).
-25
Let g(k) = 2*k - 17. Give g(7).
-3
Let d(o) = -o**2 + 10*o. Give d(8).
16
Let k(q) = q**2 - 11*q + 17. Give k(6).
-13
Let m(c) = c**3 - 18*c**2 - 20*c + 25. Give m(19).
6
Let r(i) = -i**2 + 13*i + 11. Calculate r(12).
23
Let n(k) = 18*k - 16. What is n(1)?
2
Let o(w) = 2